i(l) + 2*p(l). Let a(g) = 3*g**2 - 22*g + 5. Let t be a(7). What is u(t)?
-2
Let o = -8785 + 8797. Let t(x) = x - 40. Calculate t(o).
-28
Suppose 15*s = 1083 - 963. Let p(i) = -i**2 + 9*i - 11. What is p(s)?
-3
Let c(n) = -n**3 + n**2 - 1. Let b(t) = -3*t**3 - 2*t**2 - t - 3. Let h(i) = b(i) - 2*c(i). Let v(g) = 6*g + 21. Let q be v(-4). Determine h(q).
-7
Let a be 15/60 + 105/12. Suppose -9 = 18*g + a. Let n(p) = -14*p**3 + p**2 - p - 1. Determine n(g).
15
Let r(q) be the second derivative of -q**5/60 + 5*q**3/2 - 2*q**2 - 2*q + 95. Let b(w) be the first derivative of r(w). Calculate b(0).
15
Let u(v) = 5*v + 10. Let k(m) = -26*m - 50. Let y(j) = 9*k(j) + 48*u(j). Determine y(-5).
0
Let c(b) = 9*b**3 - 8*b**2 + 4*b. Let q be c(1). Let l(f) = -6*f + 55. What is l(q)?
25
Suppose -86*b + 10 = -76*b. Let s be b/((-12)/42)*(-24)/7. Let q(u) = -2*u + 24. Give q(s).
0
Let b(y) = y**3 - 5*y**2 - 35*y + 97. Let q be b(8). Let n(a) = -a**2 + 9*a - 7. What is n(q)?
-7
Suppose 5*q - 4*v = -78 + 745, 5*q - 652 = -v. Let y = 132 - q. Let g(b) be the third derivative of b**4/4 + b**2. Determine g(y).
6
Let v(c) be the first derivative of 17*c**2/2 + 55*c + 8608. What is v(-3)?
4
Let l(f) = -4*f**3 + 5*f**3 + 8*f - 8 - 1 - 3 + 9*f**2. Let o(z) = 355*z**2 + 8163*z - 54. Let b be o(-23). Give l(b).
-12
Let z(q) = -8*q - 3. Let f(g) = -g**3 + 12*g**2 + 26*g - 176. Let i be f(13). Calculate z(i).
53
Let c(y) = 367 + 0*y + 12*y + 18*y + 3*y. Let f be c(-11). Let i(n) = -n**3 + n**2 + 4*n + 4. What is i(f)?
-28
Let m(g) = -13*g**2 + 3*g + 7. Let v(f) = -6*f**2 + 2*f + 3. Let j(a) = -4*m(a) + 9*v(a). Let l be (-4)/50 - 127/(-25). Calculate j(l).
-21
Let t(n) = -n**3 + 8*n**2 + 9*n + 13. Let p = 1 + -3. Let r(b) = 4*b**2 - 2*b - 11 + 10*b + b**2 + 16. Let g be r(p). What is t(g)?
13
Suppose 3*h + 0 = 3, -5*v - 4*h - 11 = 0. Let z(d) = -136*d**2 + 2*d - 15. Let i(g) = 52*g**2 - g + 6. Let t(s) = -13*i(s) - 5*z(s). Determine t(v).
24
Suppose -129*z - 407 - 109 = 0. Let a(d) = d**3 + 4*d**2 + 6*d + 1. Give a(z).
-23
Let b = -30 + 31. Let r(u) = u**2 + u + 2. Let n(o) = -10*o**3 + 4*o**2 + 3*o + 5. Let x(t) = n(t) - 3*r(t). Calculate x(b).
-10
Suppose 530 = -2*u + 70. Let y = 235 + u. Let k(f) = -f**3 + f + 3*f**2 + 5 + 0*f + 5*f. Give k(y).
-15
Suppose -1056*v + 21 - 7 = -1049*v. Let x(l) = -l**3 + 2*l - 7. Determine x(v).
-11
Let n(i) = -4*i**3 + 5*i**2 + 4*i + 1. Let m(c) = -c**3 - c + 1. Suppose -2*f = h + 1, -5*h + 3*f = -h - 7. Let g(o) = h*n(o) - 3*m(o). Calculate g(6).
4
Let r(s) = -9*s - 25. Suppose -30 = -3*j + 4*w, -23 = 4*j + 5*w + 30. Give r(j).
-7
Let z be (-1)/3 - (-14)/6. Let h be (-20)/(-24)*z*3 + -1. Let g(t) = -3 + 0 + 5*t - 4 + h. Determine g(4).
17
Let m(q) = -15 - 25 + 51 + 28*q - 62*q + 61*q. Calculate m(-1).
-16
Let f = 17188 + -17191. Let d(o) = 2*o**3 + 5*o**2 + 4*o + 3. Give d(f).
-18
Let g(q) = -25*q - 278. Let n(z) = -6*z - 62. Let r(s) = -4*g(s) + 18*n(s). Give r(-13).
100
Let n(f) = 2*f**3 + 5*f**2 + 90*f + 7. Let m(t) = 3*t**3 + 5*t**2 + 110*t + 6. Let v(b) = 3*m(b) - 4*n(b). Calculate v(9).
44
Let b be 2/((1 - 3)*1/(-36)). Suppose 0 = b*f - 64 + 352. Let y(q) = 2*q + 9. What is y(f)?
-7
Let f(u) = u**3 - 9*u**2 + 6*u + 20. Let t be f(8). Let q(x) = -2*x**3 + 10*x**2 - 16*x. What is q(t)?
-32
Let a(f) = 12*f + 13. Let r(v) = -96*v - 102. Let j(c) = 33*a(c) + 4*r(c). Let z(s) = s + 1. Let l(q) = -2*j(q) + 42*z(q). What is l(-1)?
-18
Let f(r) = r + 8. Let j be (-1 - (-10)/4)/(21/(-84)). Let m(a) = -3*a**2 - 21*a - 15. Let w be m(j). Let c be (-198)/30 + w/(45/(-6)). Calculate f(c).
1
Let m(a) = -3*a**3 + 2*a**2 - 1. Let r be m(-1). Let y be (-80)/(-30)*3/r. Let c(p) be the third derivative of p**6/120 - p**4/12 + p**3/3 - 2*p**2. Give c(y).
6
Suppose 6*z = -8 - 52. Let r(k) = -89073*k + 89061*k - 11*k**2 - 18 - 4*k**3 - 6 + 3*k**3. Give r(z).
-4
Let d(s) = -8*s**2 + 9*s - 17. Let r(q) = -19*q**2 + 24*q - 35. Let a(h) = 7*d(h) - 3*r(h). Determine a(10).
-4
Let d(q) be the third derivative of 0*q + 0*q**3 + 5/24*q**4 + 2 + 13*q**2. Calculate d(4).
20
Suppose 3471*o - 3653*o = 546. Let j(g) be the second derivative of -g**4/3 - g**3/6 + 3*g**2/2 - g. Calculate j(o).
-30
Let z be (-45)/10*120/3*1. Let q = 188 + z. Let l(u) = -u**2 + 9*u - 5. What is l(q)?
3
Let f(z) = -16*z - 61. Let m = -1263 + 1259. Determine f(m).
3
Let m(w) = w**3 + 8*w**2 + 11*w + 11. Let f be 3820/(-573)*3/4. Determine m(f).
31
Suppose 0 = -7*d - 0*d - 2*m - 25, 5*m = -d + 20. Let u(w) = 4*w + 10. Determine u(d).
-10
Let c(m) = -46*m**3 + m**2 - 2. Let g be -1 - (6 + 10 - 18). Determine c(g).
-47
Let a = 199 - 193. Let g(o) = 10 + o**2 + 7*o - 14 - a. What is g(-8)?
-2
Let k(u) = -75*u**3 + 21*u + 15. Let n be k(-4). Let f(p) = -p - p - n + 4735. Give f(-5).
14
Let q(l) = -66*l**2 + 155*l - 172. Let z(r) = 25*r**2 - 52*r + 57. Let b(h) = 3*q(h) + 8*z(h). Give b(-25).
-35
Let i(f) = 5*f - 1. Suppose -3*u - 10 = -28. Suppose -8*b + u = -10. Give i(b).
9
Let k(m) = 2*m**2 + 2*m - 2. Let s(h) = -11*h**2 + 2*h - 41. Let a(u) = -6*k(u) - s(u). Determine a(-17).
2
Let l(y) = -19*y - 1242. Let d(r) = -r + 316. Let x(v) = -4*d(v) - l(v). Give x(7).
139
Let u(z) be the second derivative of 2/3*z**3 - 4*z**2 + 0 + 1/12*z**4 - 31*z. Let a be (-2 + 3 + 1)*-3. What is u(a)?
4
Let y(o) = -9*o - 14. Let v(t) = t**2 + 19*t + 4. Let u be v(0). Let i(l) = 9*l + 17. Let f(c) = u*i(c) + 5*y(c). Give f(-1).
7
Let k(q) be the second derivative of -q**5/20 - 3*q**4/4 - 3*q**3/2 + 2*q**2 - 1001*q + 3. Calculate k(-5).
-51
Let z(k) = 11*k + 60. Let r = 223 + -228. Determine z(r).
5
Suppose -4*d - 9 = 5*v, d + 1519 = -v + 1517. Let b(p) = -11*p - 19. Calculate b(v).
-8
Let q(r) = 13*r - 62. Suppose -168*x + 1167 = -8*x + 367. Calculate q(x).
3
Let o be ((-125)/100)/((-2)/8). Let w = 27 + -25. Let v(b) = -3*b**w + 68 - 67 - b**2 + b**3 - 5*b. Calculate v(o).
1
Let r(y) = 6*y + 15. Let f = 259 + -257. Let g(t) = 3*t + 7. Let c(i) = f*r(i) - 5*g(i). Give c(5).
-20
Let b(s) = -14*s. Let n = 6959 + -6958. Give b(n).
-14
Let n(o) = -o**3 - 7*o**2 + 8*o - 5. Let t be 299/(-39) - (-1)/(-3). Let h be n(t). Let v(k) = 13 - 4*k + 5*k - 25 + 9. Calculate v(h).
-8
Let d(f) be the first derivative of 3*f**2/2 - 15*f - 1630. Give d(0).
-15
Let s(q) = -2*q + 16. Let f = -1902 - -1896. Calculate s(f).
28
Let h(y) = y**2 - 15*y - 22. Let m be h(18). Let j(a) = 4*a - 125. Calculate j(m).
3
Let l be 36/(-2)*9/(-18)*1. Let f(x) = x**3 + 0 - 6*x**2 - l + 2. Give f(6).
-7
Let y(i) = 5*i**2 - 1. Suppose -b - 20 = -30. Suppose b = 9*f - 26. Suppose 0 = -f*h - h + 5. Calculate y(h).
4
Let c(b) = 8 + b + 7 + 5 + 6 - 1. Suppose 3*l = -25*l. Give c(l).
25
Let h be (3*5/15)/((-5)/110). Let g be (-553)/77 + 7 - (-150)/h. Let z(f) = -f**2 - 8*f + 7. Determine z(g).
14
Let v(i) = 30*i**2 + 5. Let w(a) = -64*a**2 + 6*a - 12. Let m(d) = 65*d**2 - 8*d + 13. Let n(k) = -3*m(k) - 4*w(k). Let u(j) = 4*n(j) - 7*v(j). Give u(-1).
35
Suppose 5*p = -q - 14 + 86, -3*p + 57 = -4*q. Let d(l) = 15*l + p*l + 6 - 12 - 28*l. Determine d(7).
8
Let b(n) = -38*n**2 - 3 + 5 + 3 + 2*n + 64*n**2 - 6. Let u(r) = 2*r**2 + 12*r + 1. Let m be u(-6). Determine b(m).
27
Let l(c) be the third derivative of -c**5/60 + 9*c**4/8 + 241*c**3/6 + 279*c**2 + 1. Determine l(-7).
3
Let s(k) = 3*k - 30. Let q be s(14). Let y(d) = d**2 - 15*d + 39. Let t be y(q). Let j(g) = -g - 7. Calculate j(t).
-10
Let o(v) = -3*v**2 + 2*v + 1. Let p(j) = -16*j**2 + 13*j + 22. Let k(h) = 5*o(h) - p(h). Suppose -28 = -5*c + c. Determine k(c).
11
Let s = -242 + 252. Let m(z) = s*z**2 + 21*z**3 + 5 + 17*z + 11 + 20*z**3 - 40*z**3. Calculate m(-8).
8
Let s be 2/5 + 876/(-365). Let j(y) = 3*y**3 - y**2 - 1 + 4*y**3 - 3*y - 8*y**3 + 4*y. Give j(s).
1
Let c(n) = 19 + n**3 - n + 5*n**2 - 2 - 3*n. Let w = -88190 - -88184. Calculate c(w).
5
Let d(k) be the third derivative of k**7/2520 + k**6/120 + 11*k**5/12 + k**4/12 + 18*k**2 - k. Let j(s) be the third derivative of d(s). Calculate j(6).
18
Let l(v) = -2*v - 4. Suppose 5*w - 8*w = -543. Let y = w - 184. Determine l(y).
2
Let z(y) = y**2 + 14*y - 50. Let k be z(-17). Let u be (-270)/(-35) - (-4)/14. Let o(c) = 44 - 44 + u*c**2 + 7*c**2. Give o(k).
15
Let r = -15 - -19. Let g(i) = -r*i - 1253 + 1260 + 2*i. What is g(5)?
-3
Suppose 5*u - 1